at is the remainder when 287097 is divided by 143543?
11
Calculate the remainder when 750500 is divided by 9.
8
What is the remainder when 50803 is divided by 37?
2
What is the remainder when 1657 is divided by 547?
16
Calculate the remainder when 717 is divided by 98.
31
What is the remainder when 1087979 is divided by 14?
11
What is the remainder when 2820509 is divided by 63?
62
What is the remainder when 3191 is divided by 95?
56
What is the remainder when 25350 is divided by 8437?
39
Calculate the remainder when 7310455 is divided by 63.
61
Calculate the remainder when 35008 is divided by 6998.
18
Calculate the remainder when 1338827 is divided by 236.
235
Calculate the remainder when 14537 is divided by 283.
104
What is the remainder when 1520 is divided by 522?
476
Calculate the remainder when 27913 is divided by 27.
22
Calculate the remainder when 5005 is divided by 296.
269
What is the remainder when 328332 is divided by 135?
12
What is the remainder when 42380 is divided by 21187?
6
Calculate the remainder when 464 is divided by 217.
30
What is the remainder when 7191 is divided by 649?
52
What is the remainder when 20343 is divided by 251?
12
What is the remainder when 153 is divided by 130?
23
What is the remainder when 12191 is divided by 45?
41
What is the remainder when 1217800 is divided by 124?
120
Calculate the remainder when 3751 is divided by 3695.
56
Calculate the remainder when 609151 is divided by 19650.
1
What is the remainder when 182663 is divided by 1243?
1185
What is the remainder when 5090 is divided by 96?
2
What is the remainder when 4976 is divided by 35?
6
Calculate the remainder when 11076 is divided by 742.
688
What is the remainder when 71088 is divided by 10154?
10
Calculate the remainder when 5984 is divided by 1631.
1091
Calculate the remainder when 24310 is divided by 363.
352
What is the remainder when 30135 is divided by 61?
1
What is the remainder when 126836 is divided by 120?
116
What is the remainder when 18942 is divided by 134?
48
What is the remainder when 9593 is divided by 871?
12
Calculate the remainder when 11648 is divided by 790.
588
What is the remainder when 116352 is divided by 493?
4
What is the remainder when 23640 is divided by 514?
510
Calculate the remainder when 47214 is divided by 675.
639
What is the remainder when 57805 is divided by 19261?
22
Calculate the remainder when 155099 is divided by 33.
32
Calculate the remainder when 7951 is divided by 221.
216
What is the remainder when 170 is divided by 57?
56
Calculate the remainder when 2577841 is divided by 107.
104
Calculate the remainder when 1241 is divided by 25.
16
What is the remainder when 1088 is divided by 13?
9
Calculate the remainder when 34870 is divided by 974.
780
What is the remainder when 8852 is divided by 109?
23
What is the remainder when 10537 is divided by 10534?
3
What is the remainder when 80825 is divided by 153?
41
What is the remainder when 154716 is divided by 58?
30
What is the remainder when 183584 is divided by 149?
16
Calculate the remainder when 22591 is divided by 24.
7
What is the remainder when 205120 is divided by 68372?
4
Calculate the remainder when 12765 is divided by 1594.
13
What is the remainder when 126247 is divided by 344?
343
Calculate the remainder when 18863 is divided by 380.
243
What is the remainder when 12110 is divided by 11?
10
What is the remainder when 315420 is divided by 8?
4
What is the remainder when 1488 is divided by 186?
0
Calculate the remainder when 157569 is divided by 450.
69
Calculate the remainder when 2765 is divided by 133.
105
What is the remainder when 5314714 is divided by 36?
34
What is the remainder when 6589 is divided by 235?
9
Calculate the remainder when 83031 is divided by 41457.
117
What is the remainder when 7103 is divided by 24?
23
What is the remainder when 5176 is divided by 350?
276
Calculate the remainder when 61645 is divided by 13.
12
Calculate the remainder when 3942 is divided by 186.
36
Calculate the remainder when 29072 is divided by 9688.
8
Calculate the remainder when 1629 is divided by 810.
9
What is the remainder when 26445 is divided by 630?
615
Calculate the remainder when 55568 is divided by 174.
62
What is the remainder when 68262 is divided by 864?
6
Calculate the remainder when 3532 is divided by 1755.
22
Calculate the remainder when 48326 is divided by 41.
28
What is the remainder when 8100 is divided by 675?
0
What is the remainder when 14485 is divided by 329?
9
Calculate the remainder when 11328 is divided by 1145.
1023
What is the remainder when 2732 is divided by 22?
4
Calculate the remainder when 147713 is divided by 21.
20
What is the remainder when 11662 is divided by 3882?
16
What is the remainder when 94596 is divided by 174?
114
What is the remainder when 6913 is divided by 7?
4
Calculate the remainder when 63534 is divided by 485.
484
Calculate the remainder when 577751 is divided by 11.
9
Calculate the remainder when 430 is divided by 101.
26
What is the remainder when 184 is divided by 64?
56
What is the remainder when 10314 is divided by 5157?
0
Calculate the remainder when 265841 is divided by 7.
2
What is the remainder when 2845 is divided by 98?
3
What is the remainder when 1987 is divided by 1951?
36
Calculate the remainder when 597597 is divided by 149.
107
What is the remainder when 6937 is divided by 522?
151
Calculate the remainder when 6544 is divided by 1155.
769
Calculate the remainder when 798 is divided by 22.
6
What is the remainder when 495 is divided by 27?
9
What is the remainder when 20087 is divided by 5006?
63
What is the remainder when 176059 is divided by 262?
257
Calculate the remainder when 36335 is divided by 491.
1
Calculate the remainder when 39855 is divided by 302.
293
Calculate the remainder when 96444 is divided by 16064.
60
Calculate the remainder when 124158 is divided by 22.
12
What is the remainder when 1968 is divided by 33?
21
Calculate the remainder when 61861 is divided by 54.
31
Calculate the remainder when 5506 is divided by 10.
6
Calculate the remainder when 75170 is divided by 5369.
4
Calculate the remainder when 916673 is divided by 473.
472
Calculate the remainder when 50834 is divided by 1084.
970
Calculate the remainder when 5121 is divided by 1687.
60
What is the remainder when 203389 is divided by 67792?
13
What is the remainder when 21247 is divided by 2654?
15
Calculate the remainder when 11675 is divided by 6.
5
Calculate the remainder when 9459 is divided by 4517.
425
What is the remainder when 530366 is divided by 24?
14
What is the remainder when 3083 is divided by 1188?
707
Calculate the remainder when 1584 is divided by 82.
26
Calculate the remainder when 38609 is divided by 358.
303
Calculate the remainder when 72753 is divided by 261.
195
Calculate the remainder when 4027 is divided by 674.
657
What is the remainder when 16737 is divided by 158?
147
What is the remainder when 316220 is divided by 389?
352
What is the remainder when 1593335 is divided by 197?
196
Calculate the remainder when 3185 is divided by 1212.
761
What is the remainder when 8127 is divided by 1003?
103
Calculate the remainder when 240737 is divided by 19.
7
Calculate the remainder when 257502 is divided by 177.
144
What is the remainder when 4432 is divided by 11?
10
Calculate the remainder when 1318 is divided by 578.
162
What is the remainder when 103347 is divided by 62?
55
Calculate the remainder when 3736 is divided by 186.
16
What is the remainder when 723 is divided by 326?
71
Calculate the remainder when 506 is divided by 506.
0
What is the remainder when 88184 is divided by 234?
200
Calculate the remainder when 114914 is divided by 176.
162
What is the remainder when 26796 is divided by 61?
17
Calculate the remainder when 23590 is divided by 251.
247
What is the remainder when 38624 is divided by 136?
0
What is the remainder when 5902 is divided by 174?
160
What is the remainder when 224459 is divided by 10202?
15
Calculate the remainder when 28322 is divided by 209.
107
Calculate the remainder when 12114 is divided by 12087.
27
What is the remainder when 353518 is divided by 45?
43
What is the remainder when 3792 is divided by 262?
124
What is the remainder when 164